 4*o + j - 443. What is the tens digit of o?
1
Suppose -5*u + 4 + 1 = 0, -d = -4*u - 11. What is the units digit of d?
5
Let x(m) = 2*m**2 + 3*m - 5. Let g(k) = -k**2 + k. Suppose -5*h + w + 14 + 0 = 0, -h = 4*w - 7. Let c(d) = h*g(d) + x(d). What is the units digit of c(4)?
3
Suppose -5*q - 3*c + 10 = 0, -q + 2 = -3*c - c. Suppose -3*i - 105 = q*i. What is the units digit of (2 - i/(-6))*-2?
3
Let u(c) = c + 10. Let w be u(-6). Suppose 0 - w = 4*v. Let r = 0 - v. What is the units digit of r?
1
What is the tens digit of -3 - (-3 - -3 - 59)?
5
What is the hundreds digit of 1 - (3/(-3))/(2/252)?
1
Let w(s) = -s**3 - 4*s**2 + 5. Let i be w(-4). What is the units digit of 9/((45/6)/i)?
6
Suppose 2*v - 5*g - 1 = -2, 6 = 4*v - 2*g. Let i(q) = -q + q**2 + v - 3*q**2 + 4*q**2. What is the units digit of i(-2)?
2
Suppose 3 = 2*i - 1. Suppose 2*d - 26 + i = 0. What is the tens digit of d?
1
Let y(u) = -u**3 + 5*u**2 + 6*u - 3. Let z be y(6). Let l = z - -7. What is the units digit of l?
4
Let o be (-13 + 10)*16/(-3). Let r = o - 13. What is the units digit of r?
3
Let m(u) = 22*u**2 + 2*u - 1. Let r be m(1). Suppose -2*q = -q - r. What is the units digit of q?
3
Suppose -4*h + 5*a = -0*h - 21, -2*h + 2*a + 10 = 0. What is the units digit of 7/28 + 23/h?
6
Suppose 3*t - t + 7 = 3*r, -22 = 5*t - 3*r. Let w be (t*(7 + -1))/(-1). Suppose 5*p - w = 5*y, 2*p = 6*p + 5*y - 33. What is the units digit of p?
7
Suppose 94 = 3*l + 22. Suppose -8 = 3*o + 4*s, 6*s = o + 2*s - l. Suppose 0 = -0*m + 2*m - o. What is the units digit of m?
2
Let m(v) = 0 - v - 4 + 2*v. Let o be m(0). What is the units digit of (6 - -1) + 5 + o?
8
Suppose 143 + 25 = 2*x. What is the units digit of x?
4
Suppose 0 = 5*k - v + 45, -33 = 3*k - v - 4. Suppose 5*u = -21 - 39. Let c = k - u. What is the units digit of c?
4
Suppose 5*r = 0, -4*r + 3 = 3*l - 0*l. Let q = l - -18. What is the tens digit of q?
1
Suppose -5*u + 16 = i, -u = -5*i + 3*u - 7. Suppose 4*d = -r + 5, 2*r = -3*r + 2*d + 3. Let h = i + r. What is the units digit of h?
2
Suppose i - 2*h + 12 = 3*i, -3*i = -3*h + 6. Let s be i/4 - 77/(-14). What is the tens digit of s/4*(-64)/(-6)?
1
Let t(k) = 0*k**3 + 27 - 3*k**2 + 2*k**2 + k**3 + 2*k**2. Let d be t(0). Suppose f = 4*q - d, f - 5 = -0*f. What is the units digit of q?
8
Suppose 3*d = 6, -t + 115 = 3*d - 0*d. What is the hundreds digit of t?
1
Suppose 2*n - 2*d - 10 = -d, 4 = -d. Let x be ((-18)/21)/((-15)/70). Suppose 11 = -n*l + x*l. What is the units digit of l?
1
What is the tens digit of (-1)/8 + 657/8?
8
Let h be 147/28 + (-2)/8. Suppose -38 = -a - h*k, k + k - 26 = -a. Suppose -2*o + 52 = a. What is the tens digit of o?
1
Let b(v) = -v + 8. Let n be b(8). What is the tens digit of 9*((-4)/(-3) - n)?
1
Let n be 3/((-1 - 0) + 2). Suppose -5*p + 2 = -n. What is the units digit of p?
1
Let f be 4/(-10) + 144/10. Let j = f - 8. What is the units digit of j?
6
Let b(c) = 2*c**2 - 11*c + 24. What is the tens digit of b(8)?
6
Suppose 0 = -5*j - 5*x + 49 - 14, 0 = 5*j - 5*x + 15. Let t(a) = 0 + 1 - j - 6*a. What is the units digit of t(-1)?
5
Let g(b) = 4*b**3 - b**2 - 3*b - 2. Let s be g(-2). Let h = 58 + s. What is the units digit of h?
6
Let i(q) be the third derivative of -q**4/24 + q**3/6 - q**2. Let u be i(-4). Suppose 21 = u*n - 39. What is the units digit of n?
2
Let i(w) = 3*w**2 + 3*w - 1. Let f(n) = -2*n**2 - 2*n + 1. Let u(m) = 5*f(m) + 3*i(m). Let v be u(2). Let b = 3 - v. What is the units digit of b?
7
What is the units digit of ((-72)/(-9))/(2/8)?
2
Suppose r - 5*r = 24. Let y = 10 + r. Suppose y*z + 2 - 74 = 0. What is the units digit of z?
8
Let k(a) = -a**3 - 14*a**2 + 10*a + 3. What is the units digit of k(-15)?
8
Suppose 14 - 2 = 4*h. Suppose 3*d - h = -0. Suppose -3*y = -d - 8. What is the units digit of y?
3
Let y(k) be the third derivative of -k**5/60 + 5*k**4/24 + 5*k**3/6 - 3*k**2. Let b be y(5). Suppose 3*t = -2*t + b. What is the units digit of t?
1
Suppose 0 = 3*h + 15 - 66. Let z = h - 7. What is the tens digit of z?
1
Let z(y) = -y**2. Let q be z(1). Let n = 1 - q. What is the units digit of n?
2
Let g(s) = -2*s - 5. Let m be g(-4). Let a be (m - 1) + 0/(-2). Suppose f - 6 + a = 0. What is the units digit of f?
4
Suppose -3*s - 4*p = 24, -7*p = s - 2*p + 8. What is the units digit of s*-2*9/24?
6
Suppose 2*s - 8 = -2*s + 2*p, s - 5*p - 2 = 0. Let q be 2 - (-1 + s + -2). Suppose -q*a + 11 + 16 = 0. What is the units digit of a?
9
Let n be 6/36 + (-2038)/(-12). Suppose -3*k = 2*k - n. What is the tens digit of k?
3
Suppose -2*b = -b - 26. What is the tens digit of b?
2
Let z = -3 + 8. Suppose -6 = -z*f - 1. What is the units digit of f?
1
Suppose 3*b - b = 98. What is the tens digit of b?
4
Suppose -m - 72 = -t, 2*m - 292 - 14 = -4*t. Let l be t/27 + 2/9. Suppose 5*x - 49 = -l*v + 2*v, v = 2*x - 14. What is the units digit of x?
9
Suppose 2*q - 62 = -4*t, -2*q + 3*q = -3*t + 30. What is the tens digit of q?
3
Let b = -13 + 28. What is the tens digit of (b/(-6))/(1/(-4))?
1
Let u(z) = -81 - 6*z + 72 + z. What is the units digit of u(-4)?
1
Suppose -4*y + 20 = -3*y - 3*g, -y - 3*g = -8. What is the units digit of y?
4
Let t(r) = 4*r + 8. What is the hundreds digit of t(23)?
1
Suppose -3*t - 188 = -4*h, 0 = -6*h + h - t + 235. What is the tens digit of h?
4
Let c(b) = 3*b + 11 - b - 4*b + b. Let n be c(8). Suppose -n*s = -49 + 13. What is the tens digit of s?
1
Suppose 0 = -x + 3*v + 12, 3*x = 5*x - 3*v - 15. What is the units digit of x?
3
Suppose 0 = -7*k + 5*k + 42. What is the tens digit of k?
2
Let x(p) = -17*p + 3. Let o be x(-6). Suppose -7*r + 12*r + o = 0. Let c = 30 + r. What is the units digit of c?
9
Let j = 383 + -157. What is the tens digit of j?
2
Suppose 0 = 11*v - 10*v - 37. Suppose 11 - v = -2*d. What is the units digit of d?
3
Let u be 2*(3 + -4 + 3). Suppose 5*w + u = w. What is the units digit of (-6 - w)/((-2)/4)?
0
Let c(x) = x**2 + x. Let f be c(-1). Suppose -2 = -2*k - f*k. What is the units digit of (-4 - -1)*-3*k?
9
Suppose 4*c - 104 = c - f, 0 = 5*f - 25. Let p = c + 1. What is the tens digit of p?
3
Suppose -4 = 5*a - 2*j, -7*a + 2*a + 2 = j. Suppose -4*m - m = a. Let l(i) = -i**2 - i + 12. What is the tens digit of l(m)?
1
Let v(j) = -j**3 - 5*j**2 - 4*j - 6. Let s be (-1 - -2)*(-25)/5. What is the tens digit of v(s)?
1
Let m(s) = s**3 + 4*s**2 + 4. What is the units digit of m(-4)?
4
Let b(i) = -i**2 + 9*i + 92. What is the tens digit of b(0)?
9
Suppose -25 = -3*j + 188. Suppose 0 = 5*v - 39 - j. What is the units digit of v?
2
Let k(a) = -7*a + 2. What is the tens digit of k(-2)?
1
Suppose -5*m + 0*m + l + 26 = 0, l = m - 6. Suppose 36 = 5*u - d, m*u - 30 - 8 = 3*d. What is the units digit of u?
7
Suppose 0 = w - 8 - 5. What is the units digit of w?
3
Let p(m) = 5*m + 14. Let o(y) = -y - 3. Suppose 3*j + 5 = -1. Let r(w) = j*p(w) - 11*o(w). What is the tens digit of r(6)?
1
Suppose 6 = 3*h - 12. Let b = h + 6. What is the units digit of b?
2
Let a(g) = 2*g**2 - 3*g - 17. What is the tens digit of a(-6)?
7
What is the tens digit of -97*(-4)/4 - 3?
9
Let y be 8*(9/6)/(-3). Let w = 7 + y. Let k = 8 + w. What is the tens digit of k?
1
Let c = 5 + -10. Let m(i) = 8*i**2 + 1. Let r be m(-1). Let p = r + c. What is the units digit of p?
4
Suppose -4*w = -37 - 63. What is the tens digit of w?
2
Let d be (-3)/9 - 10/(-3). Suppose d*f - 54 = -5*g, 3*g + 1 = f - g. Let r = f - 7. What is the units digit of r?
6
What is the tens digit of 10/35 - (-234)/14?
1
Let i be (-1*3 + 2)*5. Let z = 10 + i. Suppose -3*w - 4 - 11 = -3*h, -h = -z*w - 13. What is the units digit of h?
3
Let l be -3*(116/12 - 3). Let u = -6 - l. What is the units digit of u?
4
Suppose 0*f = -3*f + 24. Let z(j) = -j**2 - 1 + 5 + j - f*j. What is the units digit of z(-6)?
0
Let k(f) = f. Let b be -2 + 1/1 + 5. Let j be k(b). Let a = -1 + j. What is the units digit of a?
3
Suppose -3*m + 5*d + 17 = -m, 3*m - 19 = d. What is the units digit of m?
6
Let y = -8 + 4. Let w be (-15)/10*y/3. Suppose w*a = a, -2 = -f + 5*a. What is the units digit of f?
2
Suppose 0 = 5*a - 0*a - 200. Suppose 6*l = 2*l - a. Let z(c) = -3*c - 12. What is the units digit of z(l)?
8
Let s = -1 - -2. Let k = -2 + s. What is the units digit of 2/(2/1 + k)?
2
Suppose -6*m + 4*m = 5*a - 100, 